43
Let x(f) = f**2 - 8*f - 13. Let o(r) = -17*r**2 + 512*r - 64. Let q be o(30). Calculate x(q).
35
Suppose 9*c = 12*c + r - 5, 5*c = r + 11. Let f(t) = -3*t**3 + 4*t**3 - 4*t**3 + 5*t**3. Calculate f(c).
16
Let p(n) = 1465 + 4*n - 5*n - 1466. Let v(l) be the third derivative of -l**6/120 - 11*l**5/60 - 5*l**4/12 - l**3/3 - 8*l**2. Let g be v(-10). Determine p(g).
1
Let s(l) be the second derivative of l**5/20 + l**4/2 + 4*l**3/3 + 17*l**2/2 - 3*l - 41. Determine s(-5).
2
Let d(b) = 5*b - 6. Let p be 253/(-23)*(-4)/44. Calculate d(p).
-1
Let z = -48 - -33. Let s = 19 + z. Let d(c) = -5*c + 24*c**3 - 25*c**3 - 3 - 2 + 6*c**2 + 2*c. Give d(s).
15
Suppose -18 = 2*g - 5*t + t, 0 = -4*g - 5*t + 29. Let p = -15 + 21. Let f(r) = -4 + 26 - 23 + 2*r - p*r**2. Calculate f(g).
-5
Let p(y) = 46*y + 127. Let b(t) = -124*t - 340. Let a(s) = 3*b(s) + 8*p(s). Suppose -2 = -4*x + 6. Let i = x - 5. Give a(i).
8
Let z(m) = -5*m**2 + 7*m - 3. Let h be (12*(-2)/4)/(-1). Let a(l) = l**2 - l - 1. Let x(d) = h*a(d) + z(d). Determine x(0).
-9
Let n(g) = 12*g**2 - 819 + 1642 - 5*g - 818. What is n(2)?
43
Suppose 3*p - 1 = -5*l, l - p = 3 + 2. Let f(a) = -a**3 + 5*a**2 + 16*a - 1. Let y be f(6). Let s(g) = -y*g**2 + 1 - 2*g + 63*g**2 - l. Determine s(-2).
19
Suppose i + 1 + 0 = 0. Let y(o) = -3*o**3 - 3*o + 2. Let x(f) = -f**2 - f + 1. Let p(u) = i*x(u) + y(u). Suppose w = 4 - 3. Give p(w).
-3
Let t(x) = x**3 + 7*x**2 + 9*x + 7. Let d be -2 + 4 + (3 - 1 - 5). Let h be (d*(-4)/16)/(1/(-4)). Let i be 3/(-3) + (1 - 7) - h. Calculate t(i).
-11
Let m(s) be the third derivative of s - 5/6*s**3 + 0 - 1/6*s**4 - 1/120*s**6 - 28*s**2 - 1/10*s**5. Let g be (1 - 2)/(1/5). Calculate m(g).
-10
Let c = -6429 - -6426. Let j(g) = -2*g**2 - 4*g + 1. Give j(c).
-5
Let g be (-2)/(-2*(-11)/3) + (-72)/(-22). Let s(o) = -o**3 + 5*o**2 - 6*o - 3. Calculate s(g).
-3
Suppose 0 = -7*k - 31 + 45. Suppose -k - 123 = -25*l. Let h(w) be the second derivative of -w**3/3 - w**2/2 - w. Calculate h(l).
-11
Let c(z) = z**3 - 2*z**2 - 18*z + 54. Suppose -6*k = 3*k - 59*k + 150. Calculate c(k).
9
Let d(t) = -1 + 17 - 6*t - 11 - 1 - 3*t. What is d(5)?
-41
Let n(l) = -7*l - 94. Suppose 4*c - 4*b + 46 = -26, 0 = -c + 2*b - 23. What is n(c)?
-3
Let u(t) = t. Let k = 72 - 24. Suppose 9*d = 5*d - k. Let m be 4/(-6) - (-52)/d. Determine u(m).
-5
Let r(l) = -2*l. Let t(x) = x**2 + x - 57. Let g be t(7). Let k(v) = 1. Let o(f) = g*r(f) - k(f). What is o(-2)?
-5
Let g(n) = -n + 6. Let f(t) = -t**2 - 9*t + 1. Suppose 0 = 2*a - 15 + 29. Let p be a + (0 - 0) + -2 + 1. Let z be f(p). Calculate g(z).
-3
Let u(b) = 11*b**3 - 2*b**2 + 7*b + 9. Let k(q) = 15*q**3 - 2*q**2 + 7*q + 10. Let x(r) = -3*k(r) + 4*u(r). Determine x(-5).
46
Let k = 12 + -15. Let i be k/(-1) + (-3 - 13). Let o(j) = -4*j - 62. Let p be o(i). Let f(b) = b + 10. Determine f(p).
0
Let k(n) = -3 - 67*n + 130*n - 49*n - 3*n**2. Determine k(6).
-27
Let w = -59207 - -59215. Let q(u) = 2*u - 2. Let g(y) = -y + 1. Let z(k) = -5*g(k) - 2*q(k). What is z(w)?
7
Let z(c) be the first derivative of c**4/4 + 4*c**3 + 19*c**2/2 - 16*c - 318. Calculate z(-10).
-6
Let t(f) = -f - 1 + 0 + 3. Suppose -39*v = -36*v - 66. Let q be (-318)/66 + (-4)/v. What is t(q)?
7
Let p(x) be the second derivative of 5*x**3/6 - 35*x**2/2 + 6121*x. Give p(8).
5
Suppose 0 = 35*z - 29*z - 12. Let h(c) = 20*c - c**3 + 1 + z - 6*c**2 + 2 - 23*c. Calculate h(-5).
-5
Let i(t) = -t**2 + 6*t + 1. Suppose -4*z = -4, -49 = 5*a - 2*z + 153. Let h = a - -45. Determine i(h).
6
Suppose -375*r = -203*r + 133 + 211. Let q(w) be the first derivative of w**4/4 + w**3/3 - w**2 - 2*w + 2. Determine q(r).
-2
Let g(m) = -3*m**2 - 2*m. Let i be (55/15 + -3)/(-1)*84. Let y be (48/14)/(-2) + 16/i. Determine g(y).
-8
Let h(y) be the second derivative of 3*y**3/2 - 13*y**2 + 1022*y - 3. Calculate h(2).
-8
Suppose 10*d + 7*d - 136 = 0. Let z(v) = 2*v + 2*v - 13 + 9*v - d*v - v. Calculate z(6).
11
Let d(s) = s**3 + 12*s**2 - 9*s + 18. Suppose 0 = -2*g - a - 2*a - 38, -4*a + 49 = -5*g. Calculate d(g).
-34
Suppose 3*f + 1 = -c, 2*c + 3*c + 3*f - 7 = 0. Let u be c - -44*(-3 + 0 + 2). Let g = u + 44. Let p(z) = z**3 - 4*z**2 + 3*z - 1. What is p(g)?
-3
Let s(r) = -13*r**2 - 18*r**2 - 6068 - r**3 + 9*r**2 + 6058. Give s(-22).
-10
Let o(k) be the second derivative of 9*k**5/20 + 10*k**3/3 + 19*k**2/2 + 1446*k. Determine o(-1).
-10
Suppose 8 - 5 = 3*n. Let p(l) be the first derivative of l**2/2 + l - 252. Let j(y) = 6*y + 1. Let c(d) = n*j(d) - 4*p(d). Determine c(3).
3
Let a be (-140)/21*(-3)/2. Suppose 0 = a*i - 6*i. Let g(o) = 2*o - 21 - 3*o + 7*o + 4*o - 9*o. Give g(i).
-21
Let i(d) = 4*d + 50. Let v(w) = -w**2 - 29*w - 112. Let s be v(-25). Let m be i(s). Let x(j) = -8*j - 1. Determine x(m).
-17
Let t(g) = 12250 + 12195 - 3*g - 24581. Calculate t(-45).
-1
Let k(s) = -s - 1. Let a be (3/(-3) - 2) + 11 + 0. Suppose -3*f - a = -7*f. Let h(u) = -1. Let y(w) = f*k(w) + h(w). Calculate y(-2).
1
Let t(c) = -c - 3. Let d(v) be the first derivative of v**2/2 - 9*v - 22. Let q be d(-6). Calculate t(q).
12
Let m(i) = 4*i**2 - 3*i + 3. Let r(p) = -2*p**2 - 2. Suppose -330 + 327 = -3*h. Let u(k) = h*m(k) + 3*r(k). Calculate u(-3).
-12
Let q(g) be the first derivative of -3*g**2 - 148*g + 29. Determine q(-24).
-4
Let a(s) be the first derivative of -s**4/4 - s**3/3 - 12*s + 1. Suppose 8*x + 196 - 148 = 0. Let f be (x - -6 - 0)/3. Calculate a(f).
-12
Let o(s) be the second derivative of 3*s**3/2 + 27*s**2/2 + 5599*s. What is o(6)?
81
Let b(n) = -3*n**2 - 10*n - 17*n - 13*n + 49*n + 7 - 10*n. Calculate b(-5).
-63
Let b be 3315/(-27) - 14/63. Let r be ((-2)/2)/((-3)/b). Let h = 45 + r. Let g(p) = p**3 - 5*p**2 + 3*p - 5. What is g(h)?
-9
Let v be -4 - (2 + (7 - 14)). Let p(k) = -587*k + 1169*k - 581*k + v. Let g = -2 - -7. What is p(g)?
6
Suppose -62 + 42 = 5*n, 380 = 2*v + 2*n. Let t = -188 + v. Let j(y) = y**3 - 7*y**2 + 4*y + 6. Determine j(t).
-6
Let t(n) be the first derivative of n - 98 - 2/3*n**3 - 4*n**2. Give t(-7).
-41
Let w(u) = 4*u + 2*u**2 - 15*u + 2 - u**2 + 10. Let s(g) = g + 19. Let f be s(5). Suppose -f*c + 22*c + 18 = 0. Determine w(c).
-6
Suppose -p + 0 = -3. Suppose -p*s + 0 = -6. Let o(c) = -c**2. Let r(w) = -w**3 + 6*w**2 + 1. Let v(i) = 5*o(i) + r(i). Determine v(s).
-3
Let g(d) be the first derivative of -5*d**2/2 - 7*d + 2161. Let b be 15/5*(-8)/6. Give g(b).
13
Let r(s) = -s + 3. Let a(z) = 3*z - 10. Let w(i) = 4*a(i) + 11*r(i). Suppose h + 4*t = 147, -5*h + 625 = -4*t + 2*t. Let b = h - 122. Determine w(b).
-2
Let p(f) = -135*f**2 + 52*f**2 - 21 + 39*f**2 - 8*f + 40*f**2. Calculate p(-3).
-33
Let x(k) = k + 2. Let l be (7 - 2) + 9 + 2 + -2. Let u = 6 + -4. Suppose -u*h = 5*m - 6*h - 46, 5*m + 4*h = l. Calculate x(m).
8
Let j(n) be the first derivative of -n**5/20 + n**4/12 + n**3/6 - 4*n**2 + 55*n + 2. Let f(a) be the first derivative of j(a). Give f(0).
-8
Let a = -3827 + 3824. Let b(f) = -f**3 - 4*f**2 + 4*f + 20. Determine b(a).
-1
Let d(a) = -a. Let v(f) be the first derivative of f**4/4 + 2*f**3/3 + 3*f**2 + f - 8. Let p be v(-3). Let s = 24 + p. What is d(s)?
2
Let n(z) be the third derivative of -1/2*z**4 + 3/20*z**5 - 1/120*z**6 + 3/2*z**3 + 20*z**2 + 0*z + 0. Give n(8).
-23
Let k(x) = 17*x + 246. Let m(r) = 11*r + 158. Let y(g) = -5*k(g) + 8*m(g). What is y(-11)?
1
Let u(o) = 8*o + 47*o**2 - 86*o**2 + 47*o**2 - o**3 - 5. Let h be 10 + (2/(-4))/((-5)/(-10)). Calculate u(h).
-14
Let l(x) be the second derivative of 19/2*x**2 - 1/20*x**5 - 2/3*x**4 + 2*x**3 + 0 + 81*x. What is l(-9)?
-8
Let p(t) = 20*t + 41*t + 13*t - 88*t + 9. What is p(3)?
-33
Let i(t) = -58791*t + 29399*t - t**2 - 3 + 29396*t. Determine i(7).
-24
Let w(d) be the second derivative of d**4/12 - d**3/3 - 3*d**2/2 + d. Suppose 5*n + l + 26 = 0, 0*l + 8 = 2*l. Let j be n/(-117)*3 - (-148)/52. What is w(j)?
0
Let w(f) = 4*f - 11. Let x(u) = -7*u + 31. Let i(c) = -9*w(c) - 4*x(c). Give i(-3).
-1
Let t(s) = s - 1. Let z = 34 + -18. Let c be 15/(-1)*z/(-20). Suppose -c - 18 = 6*y. Give t(y).
-6
Let n(t) = t**3 - 4*t**2 + t. Let o be n(4). Let h(g) = 0 - g - 5 - g**2 - o. Let p(x) = x**3 - 5*x**2 - 6*x. Let b be p(6). What is h(b)?
-9
Suppose -1297*b + 996*b = 0. Let j(v) = v**2 - 40*v + 14. What is j(b)?
14
Let s(b) = 2*b**2 + 2*b - 2. L